mainder when k is divided by 8?
6
Suppose 0*a + 4*a = 84. Calculate the remainder when 62 is divided by a.
20
Suppose -2*x + 74 = -0*y + 4*y, 0 = 2*y - 4. Let r = x - 20. What is the remainder when r is divided by 4?
1
Suppose 2*c + h + h - 26 = 0, 0 = 5*h - 5. What is the remainder when (-416)/(-9) + 102/(-459) is divided by c?
10
Suppose 0 = 7*l - 25*l + 522. Calculate the remainder when l is divided by 3/2*(-1 - -11).
14
Let p = -5 - -7. Suppose 0 = -k - 1, -p*u - 3*u + 343 = 2*k. Let m = u + -41. What is the remainder when m is divided by 10?
8
Let k = 99 - 38. Calculate the remainder when 241 is divided by k.
58
Let u(f) = f**2 - 2*f + 6. Calculate the remainder when 67 is divided by u(4).
11
Suppose 5*v - 4*v + 2*b - 19 = 0, -4*b = -4*v + 40. Calculate the remainder when 49 is divided by v.
10
Suppose l = 2*c + 21, -l + 2*c = -2*c - 25. Let b = 1 + l. What is the remainder when 52 is divided by b?
16
Calculate the remainder when 12/(-16) - (-590)/8 is divided by (-18)/(-81) + (-338)/(-18).
16
Suppose 3*m - 132 = -5*u, -m - 4*u = -28 - 16. Suppose 3*q - 2*q = 4*b + 28, 4*b + m = 5*q. Let k = 11 + b. What is the remainder when 14 is divided by k?
4
Suppose 3*r = 2*q - 3*q + 45, -q = -2*r - 20. Suppose 6 = -4*a - 2*g + q, -5*g + 20 = 0. What is the remainder when 7 is divided by a?
3
Suppose -l + k - 2*k + 40 = 0, 4*l - k = 135. Suppose l = -0*x - x. Let c = 52 + x. What is the remainder when c is divided by 9?
8
Let a = 92 - 17. Calculate the remainder when a is divided by 13.
10
Suppose 0 = 4*g + g - 10. Suppose -j + 52 = g*y, 5*y + 0*j = 4*j + 104. Calculate the remainder when y is divided by 14.
10
Let z = 9 + -4. Suppose 3 = t - z. What is the remainder when 15 is divided by t?
7
Let v = -11 + 30. Let x = v - 8. What is the remainder when 20 is divided by x?
9
Let f(y) = y**3 + 14*y**2 - 15*y. Let d be f(-15). Suppose -3*p + 56 = 5*k, 3*k = -0*k + 4*p + 51. Let q = d + k. What is the remainder when 25 is divided by q?
12
Suppose 0 = 5*q - 4*q - 5. Let h be -1 - -2 - (1 + q). What is the remainder when h - 9/(-3) - -8 is divided by 2?
0
Suppose 26*s - 21*s - 85 = 0. What is the remainder when 63 is divided by s?
12
Suppose 77 = 5*q - 3*q + 3*r, r + 36 = q. Calculate the remainder when q is divided by 27.
10
Suppose 0 = 4*z - 88 - 16. Let v = -4 + 4. Calculate the remainder when z is divided by v/2 - (-14 + 0).
12
Let b = -14 + 10. Let a = 2 + b. Calculate the remainder when 595/15 - a/6 is divided by 14.
12
Suppose 3*b = -4*k + 2*k + 33, 5*b = -2*k + 43. Calculate the remainder when k is divided by 6.
3
Suppose -4*u + 39 = -3*u - 5*j, 0 = -2*j + 8. Calculate the remainder when u is divided by 12.
11
Suppose -k = -18 + 6. Let a(i) = i**3 + 9*i**2 + 11*i + 13. What is the remainder when a(-5) is divided by k?
10
Suppose 3*w - 29 = -5*t, 2*w + 4*t - 13 = 3*w. Suppose w = 3*q - 9. What is the remainder when q is divided by 2?
0
Let p = 3 - 0. Suppose -p*u + 152 = u. Suppose -d - 20 = -2*d. Calculate the remainder when u is divided by d.
18
Calculate the remainder when 14 is divided by 3/((-54)/(-66)) - (-2)/(-3).
2
Let s(u) = 4*u - 1. Let j = 3 - -11. Calculate the remainder when s(7) is divided by j.
13
Suppose -2*d = -3*q + 67, -2*q + 0*q = -2*d - 42. Suppose 4*i - w - 17 = 14, -5*i + 20 = -5*w. Calculate the remainder when q is divided by i.
7
Let q be 2 + 3 + -1 + -2. Suppose 12 - 6 = q*y. Calculate the remainder when 4 is divided by y.
1
Suppose 0 = 2*r - 94 + 20. Let f = 1 - -9. What is the remainder when r is divided by f?
7
Let v(h) = 2*h**2 + 6*h. What is the remainder when v(-6) is divided by 13?
10
Let l = 9 - -13. Calculate the remainder when l is divided by 8.
6
Suppose -4*g = -17 + 5. Let z be 5 + (-2 - (2 - 2)). Suppose -4*w + 2*t = -118, -z*t - g = 6. What is the remainder when 83 is divided by w?
27
Let x be 3/(-2 + (-28)/(-8)). Suppose 2*j - 62 = x*t, 3*j + t = 2*j + 21. Calculate the remainder when j is divided by 9.
8
Let g(b) = -2*b + 5. Let n(t) = 3*t**2 - 9*t - 8. What is the remainder when g(-7) is divided by n(4)?
3
Suppose 0 = -2*b - 2*s + 80, 3*b - 46 - 95 = 4*s. What is the remainder when 125 is divided by b?
39
Let d(z) = -z**2 + 6*z + 1. Let b be d(5). Suppose -2*o = -b*o. Suppose 4*i - 60 = -o*y - 2*y, y = 4. Calculate the remainder when 24 is divided by i.
11
Suppose 3*a - 30 + 162 = 0. Let p = 77 + a. Suppose 0 = -2*r + p + 27. Calculate the remainder when r is divided by 16.
14
Let w(f) = f**3 + 3*f**2 + 2*f + 2. Let s = 4 - 8. What is the remainder when ((-3)/2)/(3/s) is divided by w(-2)?
0
Suppose -x + 30 = 3*c - 14, c = x - 40. Suppose -4 = -4*v - 44. Calculate the remainder when x is divided by (42/10)/((-2)/v).
20
Let j(y) = -4*y. What is the remainder when j(-4) is divided by 6?
4
Suppose 292 = -2*h + 6*h. Suppose h = 5*b - 97. What is the remainder when b is divided by 12?
10
Suppose 4*a = -2*r - 20, 3*a - 5*r + 22 = a. Let t be a/(-4)*(-4)/(-3). Calculate the remainder when 13 is divided by t - 2/(-2) - -2.
3
Let w be (6 + -1)*(-51)/(-3). Suppose -5*n - w = -2*s + 49, 4*s - n - 268 = 0. What is the remainder when s is divided by 23?
21
Let g(c) = -c - 3. Let z be g(-6). Let s be 1*(-4)/(-6)*z. Suppose 0*x = -x + s*v + 1, -2*v + 4 = 0. What is the remainder when x is divided by 2?
1
Suppose -3*q = -0*q - 36. Calculate the remainder when 3*(-3)/((-3)/11) is divided by q.
9
Suppose -3*h + 63 = -33. Suppose 0 = -x - 3*x + h. What is the remainder when 30 is divided by x?
6
Suppose -4*m - 109 - 139 = -2*w, 0 = 2*w. Let s = m + 97. What is the remainder when s is divided by 12?
11
Let m = -94 + 135. Calculate the remainder when 115 is divided by m.
33
Let f(m) be the second derivative of 3*m**3/2 + m**2/2 - 2*m. What is the remainder when 35 is divided by f(2)?
16
Suppose -5*w + 55 + 65 = 0. What is the remainder when w is divided by (-56)/(-6) - (-2)/(-6)?
6
Calculate the remainder when 24 is divided by (13/(-1))/(-2 + 1).
11
Let v(l) = -l + 1. Let p be v(-4). Let s be (8/(-12))/((-2)/21). Let a = s - p. Calculate the remainder when 6 is divided by a.
0
Suppose 4*c - 36 = -5*i, -36 = -4*c - 9*i + 10*i. Calculate the remainder when (-3)/(6/(-4)) + 23 is divided by c.
7
Let l(c) = 16*c**2 + 3*c + 2. What is the remainder when 118 is divided by l(-2)?
58
Let g be 166/18 - (-8)/(-36). Suppose g = -3*t, 0 = -5*r + 5*t + 22 + 13. Calculate the remainder when (3*4)/(-1 - -3) is divided by r.
2
What is the remainder when (-65)/(-2) + 8/(-16) is divided by (-45)/(-4) - 2/8?
10
Suppose -z + 130 = 4*z. What is the remainder when 102 is divided by z?
24
Let h = -24 + 35. What is the remainder when 41 is divided by h?
8
Let w = -10 - -15. Suppose -27 = -4*i + 5*k + 1, w*k = i - 22. Suppose -n + 4*t - i*t = -18, 4*n + 4*t = 84. What is the remainder when 39 is divided by n?
19
Suppose 3*o + 8 = -o. Let a be (-69 - (-4 + 3))/o. Let j = a + -23. What is the remainder when 32 is divided by j?
10
Let i(f) = -2*f + 14. Let y be i(6). Suppose -5*o = 4*v - 57, v = y + 1. Calculate the remainder when 16 is divided by o.
7
Let x(k) = 2*k - 5. Let o(s) = 2*s - 1. Let z be o(3). Let p = 0 + 14. What is the remainder when p is divided by x(z)?
4
Suppose 2*l + 161 + 141 = -2*r, r = -2*l - 303. Calculate the remainder when 33 is divided by (-6)/9 + l/(-12).
9
Suppose 2*r = 5*n - 63, -n + 15 = -r - 0. What is the remainder when 302/8 + n/44 is divided by 13?
12
Suppose 5*y = -3*k + 48, 3*y + 9 - 34 = 2*k. What is the remainder when 33 is divided by y?
6
Let n(z) = 9*z + 3. Let q(p) = 37*p + 12. Let c(o) = -9*n(o) + 2*q(o). Suppose -3*y - 6 = -0*y. What is the remainder when 31 is divided by c(y)?
9
Let x(p) = -p**3 - 12*p**2 - 13*p - 14. Suppose -2*o + r = -134 + 44, o - 44 = r. Suppose 3*c = c + o. What is the remainder when c is divided by x(-11)?
7
What is the remainder when 12 is divided by (3 - 51/18) + 41/6?
5
Let n = 9 + -6. Suppose n*r - 25 = 5*a, -a - 6 + 1 = r. Calculate the remainder when 1*61 + r/4 is divided by 21.
19
Suppose 2*b = -0*b + 4. Calculate the remainder when b is divided by (0 + -1 + -2)/(-3).
0
Suppose 3*q - 2*q - 43 = 0. Suppose -4*v = -9*v + 75. What is the remainder when q is divided by v?
13
Suppose 0 = -4*i + 4*c + 300, 4*i - 4*c = -2*c + 296. Let o(s) = -4*s + 39. Calculate the remainder when i i